b(k) = 8*k + 894. Let y be b(-111). Calculate h(y).
-4
Let h(g) = -g**2 + 7*g + 4. Suppose -y + 14 = 2*y - j, y - 23 = 4*j. Let z be y + (-74)/26 - 102/(-13). What is h(z)?
-4
Let r(t) = -t**3 + 3*t**2 - t + 2. Let s(w) = -5*w**2 - 3*w - 2. Let b be s(-2). Let y = b - -19. Give r(y).
-1
Suppose 0 = -2*j + 5*i + 78, -i = 4*j - 2*i - 138. Let m = -29 + j. Let l(t) = -t + 6. Determine l(m).
1
Let n be 126/(-33) - 2/11. Let o(s) = s. Let r(i) = 1. Let w(y) = n*r(y) - o(y). What is w(-4)?
0
Let k(o) = o**2 + 3*o + 1. Suppose -26*n + 21*n + 60 = 0. Suppose 16*x = 20*x + n. What is k(x)?
1
Let y(o) = o + 3. Let a(g) = 13*g - 40. Let k be a(4). Calculate y(k).
15
Let r(p) = -13*p**2 - 2*p - 1. Suppose 3*g + 3 = 15. Suppose 2*i = 5*c - 24, i + 22 = g*c - 2*i. Suppose c*y - 6*y = 2. Calculate r(y).
-12
Let j(x) = x**3 + 7*x**2 - 9*x + 9. Suppose d - 5*y = -0*d + 12, d - y = -4. Determine j(d).
17
Let f be 2*(1 - (-1 + 0)). Suppose 0 = 16*d - 14*d - 10. Suppose -d = -t - f. Let h(n) = -16*n**2 + 1. Calculate h(t).
-15
Let s(g) = g**2 + 6*g + 6. Let f(q) = 2*q**2 + 7*q + 6. Let p(o) = -2*f(o) + 3*s(o). Let m = -183 + 189. What is p(m)?
-6
Let l(b) = 3*b**3 + b**2 + 2. Let g(z) be the second derivative of -z**5/10 - z**4/6 + z**3/6 - z**2/2 - 2*z. Let w(a) = 4*g(a) + 3*l(a). Determine w(4).
2
Let b(m) = 5*m - 44. Let z(r) = -3*r + 28. Let n(x) = 5*b(x) + 8*z(x). Determine n(0).
4
Let s(m) = -7 + 2*m + 210*m**2 - 428*m**2 + 220*m**2. Calculate s(-3).
5
Let r(g) be the first derivative of -g**4/4 + g**3 + 11*g**2/2 + 4*g - 131. What is r(5)?
9
Let z(w) = -11*w**3 + 2*w**2 + 3*w + 2. Let i(r) = -2*r**2 + 40*r - 39. Let h be i(1). Calculate z(h).
12
Let w = 13 + -11. Let o(u) = 4*u + 0*u**w + 0*u**2 + u**2 - 7. Let m(g) = -3*g**2 + 2*g + 2. Let h be m(2). Give o(h).
5
Let d be (1/(-4)*0)/2. Suppose d*u - 24 = -6*u. Let w be (-2)/(u/1 + -3). Let g(q) = -2*q**3 - 2*q**2 - 2*q - 3. Determine g(w).
9
Let g(j) = j + 122 + j - 118 - j. Give g(4).
8
Let v = 12 + -8. Let o be 7/(105/(-6))*-5 - -7. Suppose 0 = v*s + o + 15. Let f(i) = -i**2 - 5*i + 7. What is f(s)?
1
Let c(r) = r. Let k(b) = -b**3 + 7*b**2 - 7*b + 3. Let w(g) = -3*c(g) - k(g). Give w(7).
25
Let r(t) = -t**2 + 7*t - 7. Let o = -70 - -73. Let c be r(o). Let n(d) = -d**2 + 5*d - 1. Calculate n(c).
-1
Let o(p) be the first derivative of 2*p - 8 + 2/3*p**3 + p**2. Let z(d) = -d**2 - 6*d - 2. Let n be z(-6). What is o(n)?
6
Let o(i) = i**3 - 44*i + 0 + 0 + 54*i - 8*i**2. Let w be o(7). Let q = 27 - w. Let n(c) = c**3 - 5*c**2 - 6*c - 5. What is n(q)?
-5
Let m = 24 - 22. Let q(w) be the second derivative of -w**5/20 + w**4/6 + w**3/6 + 2*w. Calculate q(m).
2
Let p(v) = -2*v + 3. Let i be p(2). Let s(u) be the first derivative of -2*u**2 + u**2 + 2*u**2 + 17. Determine s(i).
-2
Let j(v) be the third derivative of 1/6*v**4 + 0 + 1/3*v**3 + 0*v + 4*v**2. Calculate j(4).
18
Let j(q) = 2 + 8*q + q**2 - 5*q - 8*q. Let h = -157 - -162. What is j(h)?
2
Let o(c) = 2*c**2 + 3*c - 4. Suppose -d - 1193 + 1189 = 0. Calculate o(d).
16
Let h(i) = i**2 - 3. Suppose -30 = -4*r - 10. Suppose 2*t = 4*t + r*t. Calculate h(t).
-3
Let z = 17 - 14. Suppose 2*f - 2*y = -y + z, 9 = 5*f - 4*y. Suppose f = a - 7. Let d(n) = -n + 8. Determine d(a).
0
Let h(i) = -7*i**3 - 12*i**2 + 20*i - 19. Let n(c) = 4*c**3 + 6*c**2 - 10*c + 12. Let y(d) = -3*h(d) - 5*n(d). Let u(l) = -5*l + 3. Let r be u(2). Give y(r).
18
Let f(v) = -2*v - 1. Let i = 32 + -17. Let l = i + -14. Calculate f(l).
-3
Let u(c) be the third derivative of -c**5/60 - c**4/3 - 7*c**3/6 + 47*c**2. Give u(-5).
8
Let j = 0 + 4. Let x(v) = 24*v**2 - 48*v**2 + 27*v**2 + 3*v - v**3. Give x(j).
-4
Let r(f) = 8*f - 16. Let d(s) = s - 1. Let q(l) = -6*d(l) + r(l). Give q(8).
6
Let w(x) be the third derivative of -4*x + 4*x**2 - 1/2*x**3 - 1/8*x**4 + 1/60*x**5 + 0. Calculate w(3).
-3
Let q(w) be the first derivative of -w**4/8 + w**3/6 - w**2 - 42*w - 26. Let s(u) be the second derivative of q(u). Calculate s(2).
-5
Let t(s) be the third derivative of s**4/24 + s**3/6 - 8*s**2. Let k = 40 - 42. Give t(k).
-1
Let p(n) = -127*n + 129*n - 6 + n**2 + 6. Suppose 2*i = i + 7. Suppose 0 = 3*s + i + 5. Calculate p(s).
8
Let p(j) = -j**2 + 2*j - 4. Let d(v) = v**2 - 2*v + 5. Let k(b) = 2*d(b) + 3*p(b). Let h = 2290 - 2288. Calculate k(h).
-2
Let z(l) = 4*l**2 + 4*l. Let u be z(-2). Let r(w) be the third derivative of -w**5/60 + 7*w**4/24 + 11*w**3/6 + 2*w**2. Give r(u).
3
Let i be (-2)/(-16) + 819/(-24). Let a = -28 - i. Suppose a = 3*p - 0*p. Let s(k) = k**2 + 2*k. Determine s(p).
8
Let u(r) = -2*r**2 + 42*r + 53. Let a be u(22). Let m(y) = -y**2 + 8*y - 16. Calculate m(a).
-25
Let o(i) = -39 - 2*i + 6*i + 15 + 59. What is o(-10)?
-5
Let x(v) be the first derivative of -v**3/3 - 11*v**2/2 - 18*v - 88. Calculate x(-10).
-8
Let h(k) be the first derivative of 6*k**2 - 10*k + 318. What is h(4)?
38
Let y(m) = 3*m**2 - 3 - 253*m**3 - m**2 + 252*m**3 + 6*m. Give y(4).
-11
Let c(n) = -n**2 + n + 1. Let x(w) = -w**2 + w + 1. Suppose -27*d + 12 = -23*d. Let k(h) = d*x(h) - 4*c(h). What is k(-3)?
11
Let w be 5/10*4*2. Suppose 0*u + w*u = 48. Suppose 5*p - m = 17, 2*m + 7 = 5*p - u. Let q(j) = j**3 - 4*j**2 + j. Calculate q(p).
-6
Suppose 8*p = -73 + 25. Let t(f) = -f + 1. Give t(p).
7
Let x(d) = d - 3. Suppose 1 = -f - 14. Let a = 18 + f. What is x(a)?
0
Let k(x) be the second derivative of -x**4/6 - x**3/6 + x**2/2 + 74*x. Let l be (-6)/4*(-4)/6. Give k(l).
-2
Let s(x) = x - 9. Let c be s(13). Let d(z) = 4*z - 4. Let p be ((-1)/1)/(1/3). Let v(b) = 7*b - 7. Let r(g) = p*v(g) + 5*d(g). Give r(c).
-3
Let h(f) be the second derivative of -f - 1/2*f**2 + 1/3*f**3 + 0. Let g be 8/24 - (-4)/6. What is h(g)?
1
Let k be (2/6)/((-3)/(-81)). Let m = -4 + k. Let t(c) be the second derivative of -c**4/12 + c**3 + 2*c**2 - 3*c. What is t(m)?
9
Let y be (-32)/(-28)*7/2. Suppose 0 = -c + 4*o + 22, o + 13 + 0 = y*c. Let z(u) = -7*u + 4*u + u - c*u + u**2 - 1. Determine z(4).
-1
Let q(j) = j - 13. Let h(g) = -2*g - 28. Let w be h(-17). Give q(w).
-7
Let q(u) = 2*u**2 + 5*u + 5. Let c(i) = -7 - 11*i - 5*i**2 + i**2 - 11 + 7. Let n(m) = 6*c(m) + 13*q(m). Determine n(-1).
2
Let p(a) = 2*a - a**3 + 2*a**2 - 3 - a**3 - 6*a**2 + 6. Let r be p(-3). Let h(j) = 3*j - j - 4*j - 2 + 14*j**2 - r*j**2. Calculate h(-3).
-5
Let g(w) = w + 2. Let d be g(3). Let u be -1 - (-2 - 1) - d. Let t(y) be the third derivative of -y**4/24 - y**3/6 - 2*y**2. What is t(u)?
2
Let v(r) = -r**2 - 12*r - 9. Let s be v(-5). Suppose 4*x - 50 = -s. Let q(u) = -u + 12. Give q(x).
6
Let h(a) = a - 1. Let d be h(5). Suppose -18 = -d*p + 2. Let v(x) = -2*x**2 - 7*x + 2. Let t(g) = -5*g**2 - 15*g + 4. Let k(w) = -3*t(w) + 7*v(w). What is k(p)?
7
Suppose 2*u - 35 = 5*m, m + 2*m - 2*u + 25 = 0. Let d(r) = r**2 - 1. Let q(p) = p**3 + 9*p**2 + 6*p - 8. Let s(f) = 2*d(f) - q(f). Determine s(m).
-14
Let k(n) = n**2 - 31*n + 203. Let s be k(22). Let q(o) = -10*o + 49. What is q(s)?
-1
Let k = 76 + -80. Let u be (k/(-10))/(-2*(-1)/(-30)). Let y(g) = -2*g - 5 - 4*g - 4 - g**3 - 7*g**2. Give y(u).
-9
Let q(w) be the third derivative of -w**4/6 + w**3/6 + 98*w**2 + w. Calculate q(1).
-3
Let b be -3 + (-12)/(-5)*(-10)/(-4). Let l(s) be the third derivative of -1/6*s**4 - s**2 + 0 + 1/2*s**3 + 1/30*s**5 + 0*s. Determine l(b).
9
Let k(z) = 2*z + 2. Let f = -6 + 4. Let o be k(f). Let b(i) = -16*i + 12. Let a(x) = 11*x - 9. Let u(r) = -7*a(r) - 5*b(r). Give u(o).
-3
Let v(a) = a**3 - 7*a**2 - 17*a - 5. Let k(y) = 4*y**2 - 20*y + 9. Let t be k(5). Calculate v(t).
4
Let u = -1344 + 1353. Let b(d) = -d**2 + 8*d + 17. Calculate b(u).
8
Let w(o) = -8*o - 3. Let a be 2 - ((-44)/12 - -4)*-3. Determine w(a).
-27
Let t(l) = 12*l + 24. Let z(x) = -3*x - 6. Let b(f) = -2*t(f) - 9*z(f). Let m be b(0). Suppose 4*q = m*q + 6. Let h(n) = -n**3 - 3*n**2 + 2*n + 4. What is h(q)?
-2
Let c(x) = x**3 + 4*x**2 + x - 4. Suppose 14 = 3*p + 32. Let o be 6*p/(-9) + -7. Give c(o).
2
Let u = 2501 - 2508. Let b(i) = -11*i + 9. Let j(t) = -5*t + 5. Let v(a) = 4*b(a) - 9*j(a). Determine v(u).
-16
Let r(c) = -c**2 + c + 6. Let v = -357 - -357. Give r(v).
6
Let v(j) = -4*j**2 - 6*j - 8. Suppose -91 = -5*n - 4*x, -2*n - 2*x + 4*x + 22 = 0. Let w(i) = -i + i**2 + i + n - 14. Let c(d) = -v(d) - 3*w(d). G